14500 (base 6) to base 8.
-331144
Convert 1776246 (base 10) to base 11.
100357a
Convert -56bd6 (base 16) to base 5.
-42332121
What is -6165466 (base 9) in base 14?
-61953c
What is -320114503 (base 6) in base 9?
-11487783
-3344101 (base 7) to base 8
-1451272
What is 2100331120 (base 4) in base 10?
593752
-20401552 (base 7) to base 9
-3203407
Convert -11e132 (base 16) to base 8.
-4360462
What is 160ca0 (base 13) in base 5?
114413232
Convert 201020112101101 (base 3) to base 13.
2170687
What is 110200112 (base 5) in base 13?
1382ac
What is 79ba3 (base 12) in base 8?
475153
What is 18475632 (base 9) in base 12?
3155b78
10244130 (base 5) to base 15
1ad7a
Convert 16511a0 (base 11) to base 16.
2aeada
What is 9cd5 (base 14) in base 12?
13917
What is -3a718 (base 13) in base 7?
-632240
Convert 200132330 (base 5) to base 8.
3000236
What is -14331041 (base 7) in base 4?
-11022013013
What is 55143 (base 13) in base 8?
454636
-1962a9 (base 12) to base 6
-13321533
What is 11120133022 (base 4) in base 7?
14664520
Convert 20201053 (base 6) to base 12.
239189
What is 12b26 (base 16) in base 2?
10010101100100110
What is -952b52 (base 13) in base 9?
-6510374
-1144102 (base 6) to base 15
-12de8
-c0103 (base 13) to base 9
-572334
59b1 (base 16) to base 15
6c0b
604305 (base 7) to base 14
2943c
2c735b (base 14) to base 5
344302032
Convert 4367743 (base 9) to base 15.
315a76
Convert -79134 (base 14) to base 12.
-122076
What is -170da43 (base 14) in base 12?
-3965a4b
-3030323330 (base 4) to base 16
-ccefc
Convert 125011 (base 10) to base 9.
210431
What is 10231111303 (base 4) in base 7?
13330342
What is -100210221211 (base 3) in base 11?
-122134
What is 13245454 (base 6) in base 5?
103120043
3342200 (base 5) to base 4
32122222
2461110 (base 10) to base 16
258db6
What is -1042213442 (base 5) in base 9?
-4301744
-22001617 (base 8) to base 2
-10010000000001110001111
Convert a8100 (base 15) to base 6.
15233443
What is -970495 (base 11) in base 4?
-11323002112
What is 7265c (base 15) in base 16?
58842
Convert -3577b6 (base 12) to base 13.
-242cca
What is c20d2 (base 14) in base 2?
1110001111011101000
Convert -220113101132 (base 4) to base 10.
-10581086
What is -196994 (base 11) in base 15?
-5e733
-520423302 (base 6) to base 9
-17825232
-1011110110010010011 (base 2) to base 5
-44410433
What is 3b90c2 (base 14) in base 2?
111110111001001110010
Convert 8018695 (base 10) to base 2.
11110100101101100000111
-d5edd2 (base 15) to base 6
-1002032112
What is -2033313 (base 5) in base 13?
-12394
Convert -1331407 (base 8) to base 14.
-9a195
Convert 1223220012 (base 4) to base 3.
211101201100
Convert -855286 (base 10) to base 7.
-10161355
Convert -1447304 (base 9) to base 10.
-799231
Convert -100354 (base 9) to base 3.
-10000101211
Convert 300104 (base 5) to base 9.
13808
-1324411120 (base 5) to base 6
-155541455
-511726 (base 8) to base 12
-81906
144b4e1 (base 15) to base 12
4ab4b11
Convert 5211067 (base 8) to base 7.
14511001
What is 2240232 (base 5) in base 11?
28115
-11100011101001111010010 (base 2) to base 12
-25b9016
683025 (base 9) to base 11
25a311
Convert 133425 (base 8) to base 7.
253434
341511011 (base 6) to base 14
b88179
What is 8b944 (base 14) in base 9?
566430
Convert -3104010 (base 8) to base 6.
-25334040
What is 753d98 (base 14) in base 9?
7416664
-2386886 (base 9) to base 11
-806a12
551535 (base 8) to base 3
100102000120
4111043 (base 5) to base 13
242b7
65f72b (base 16) to base 13
14cc7b8
54e33e (base 15) to base 16
3dc1ff
-22310303232 (base 4) to base 3
-12100011122120
Convert 232929a (base 11) to base 6.
223104451
Convert -234223222 (base 5) to base 12.
-444612
-314221 (base 6) to base 11
-18239
-1310716 (base 8) to base 2
-1011001000111001110
2154312 (base 7) to base 2
1000000110110100110
Convert -8bc52 (base 13) to base 8.
-761436
What is -13559 (base 15) in base 8?
-171007
30051030 (base 6) to base 8
3165272
Convert -11448a3 (base 12) to base 10.
-3325947
What is -5020c2 (base 13) in base 16?
-1c6599
-51673 (base 16) to base 2
-1010001011001110011
-16b779 (base 13) to base 6
-20102045
Convert -123103254 (base 6) to base 16.
-247012
What is 34321244 (base 7) in base 2?
1011011011101010111001
Convert d8890 (base 16) to base 2.
11011000100010010000
a0315 (base 11) to base 15
2d75e
-39469 (base 16) to base 2
-111001010001101001
10146643 (base 9) to base 10
4873161
Convert 10100111000110100 (base 2) to base 4.
110320310
67a91 (base 15) to base 8
1204041
Convert -24277531 (base 8) to base 15.
-7077cc
-81617 (base 16) to base 13
-15729b
-b0a820 (base 12) to base 2
-1010100000110000011000
-332230024 (base 5) to base 7
-15200456
Convert 29907 (base 14) to base 2.
11001001110000011
What is -238651 (base 11) in base 8?
-1341157
-777444 (base 10) to base 9
-1414406
656023 (base 8) to base 6
4415203
Convert 1100220000211 (base 3) to base 7.
6112633
What is -10223112 (base 4) in base 8?
-45326
-3dd03a (base 14) to base 11
-1238307
Convert -4167220 (base 8) to base 3.
-2002101011002
Convert -138476 (base 10) to base 9.
-230852
What is -76295 (base 10) in base 13?
-2895b
What is 923a9 (base 14) in base 8?
1257341
Convert 5330021 (base 9) to base 12.
b5779a
Convert -746300 (base 8) to base 2.
-111100110011000000
30344455 (base 6) to base 7
10250405
Convert 27694 (base 15) to base 6.
2413004
200223303 (base 4) to base 13
48c21
What is -72a794 (base 13) in base 7?
-31526541
-377a8b (base 13) to base 12
-5422ba
2030201 (base 5) to base 13
12140
-140211 (base 7) to base 10
-26517
100110001100001001101 (base 2) to base 12
504239
-1ade98 (base 16) to base 7
-20652610
Convert 12331002323 (base 4) to base 12.
73ab0b
-5639dd (base 14) to base 7
-33621466
Convert 3342544 (base 6) to base 12.
81a54
What is 3254556 (base 8) in base 15?
124342
-564410 (base 7) to base 10
-100016
Convert 298a7 (base 13) to base 9.
128463
What is -83aaa1 (base 11) in base 10?
-1346962
Convert 1110102221011 (base 3) to base 15.
10505a
Convert 120002100221222 (base 3) to base 12.
282822b
1124104002 (base 5) to base 11
14a2a73
What is -218617 (base 11) in base 12?
-149573
What is 17a250 (base 11) in base 14?
73001
-47203441 (base 8) to base 3
-201100211120022
4268a (base 14) to base 2
100111001011000010
10218656 (base 9) to base 5
2224221442
Convert 5642606 (base 7) to base 8.
2526435
What is 3536bb6 (base 12) in base 13?
218a621
-1122133013 (base 4) to base 12
-15a59b
-21190 (base 12) to base 9
-65540
Convert 8b866 (base 12) to base 2.
101101011100001110
Convert -233465 (base 11) to base 4.
-1122132031
Convert -988a (base 12) to base 6.
-205454
What is 1302203120 (base 4) in base 10?
469208
What is 52986 (base 13) in base 16?
2455e
What is -717456 (base 9) in base 6?
-13041210
What is -100111101100010001110111 (base 2) in base 14?
-154bc91
Convert -132120312 (base 4) to base 6.
-2400130
Convert 110000001101011100 (base 2) to base 5.
22304333
3c5b40 (base 13) to base 9
2678705
What is b2baa4 (base 15) in base 10?
8493904
What is -b3886 (base 16) in base 11?
-462545
What is 3599763 (base 10) in base 4?
31232312103
4edac (base 15) to base 2
111101101110100101
10011000100111111111000 (base 2) to base 4
103010333320
73566 (base 11) to base 9
172883
Convert -1340205 (base 6) to base 12.
-37665
What is 157776a (base 14) in base 7?
155214163
What is -20221211021 (base 3) in base 14?
-37c84
What is -111000011101110101000 (base 2) in base 12?
-752920
What is 11001010100 (base 2) in base 6?
11300
Convert 411636 (base 13) to base 4.
11302112331
What is 21011001201221 (base 3) in base 15?
500e41
What is -43c180 (base 15) in base 9?
-6063023
What is -2663671 (base 9) in base 10?
-1459279
Convert -20002100210 (base 3) to base 12.
-59410
Convert -22213301013 (base 4) to base 2.
-1010100111110001000111
-112016 (base 12) to base 3
-111212112200
Convert 10002212121122 (base 3) to base 8.
6230331
What is 122112011021 (base 3) in base 2?
1010100001101100100
What is -8b52bc (base 14) in base 16?
-485176
What is 10064 (base 14) in base 10?
38504
Convert a103d (base 14) to base 16.
5e78f
Convert -1076a58 (base 12) to base 10.
-3143012
Convert 10101000000110000000 (base 2) to base 11.
430320
94091 (base 15) to base 8
1624415
What is 14ae3a (base 15) in base 16?
f3dae
-6317651 (base 8) to base 5
-412214043
What is -ce1ba (base 16) in